{"id":350,"date":"2016-05-26T14:40:41","date_gmt":"2016-05-26T12:40:41","guid":{"rendered":"http:\/\/www.infoassist-net.it\/?page_id=350"},"modified":"2018-02-23T23:02:54","modified_gmt":"2018-02-23T21:02:54","slug":"news","status":"publish","type":"page","link":"https:\/\/www.infoassist-net.it\/index.php\/news\/","title":{"rendered":"NEWS"},"content":{"rendered":"<p>In questa pagina del nostro sito vogliamo illustrarvi le novit\u00e0 riguardo le ultime minacce informatiche che circolano in rete o attraverso canali quali posta elettronica o social network o installazione di programmi indesiderati.<\/p>\n<p>&nbsp;<\/p>\n<p><strong>CRYPTOLOCKER<\/strong><\/p>\n<p><img data-attachment-id=\"354\" data-permalink=\"https:\/\/www.infoassist-net.it\/index.php\/news\/cryptolocker\/\" data-orig-file=\"https:\/\/i0.wp.com\/www.infoassist-net.it\/wp-content\/uploads\/2016\/05\/cryptolocker.jpg?fit=1321%2C742&amp;ssl=1\" data-orig-size=\"1321,742\" data-comments-opened=\"0\" data-image-meta=\"{&quot;aperture&quot;:&quot;0&quot;,&quot;credit&quot;:&quot;&quot;,&quot;camera&quot;:&quot;&quot;,&quot;caption&quot;:&quot;&quot;,&quot;created_timestamp&quot;:&quot;0&quot;,&quot;copyright&quot;:&quot;&quot;,&quot;focal_length&quot;:&quot;0&quot;,&quot;iso&quot;:&quot;0&quot;,&quot;shutter_speed&quot;:&quot;0&quot;,&quot;title&quot;:&quot;&quot;,&quot;orientation&quot;:&quot;0&quot;}\" data-image-title=\"cryptolocker\" data-image-description=\"\" data-image-caption=\"\" data-medium-file=\"https:\/\/i0.wp.com\/www.infoassist-net.it\/wp-content\/uploads\/2016\/05\/cryptolocker.jpg?fit=300%2C169&amp;ssl=1\" data-large-file=\"https:\/\/i0.wp.com\/www.infoassist-net.it\/wp-content\/uploads\/2016\/05\/cryptolocker.jpg?fit=640%2C359&amp;ssl=1\" loading=\"lazy\" class=\"alignnone wp-image-354\" src=\"https:\/\/i0.wp.com\/www.infoassist-net.it\/wp-content\/uploads\/2016\/05\/cryptolocker.jpg?resize=458%2C258\" alt=\"cryptolocker\" width=\"458\" height=\"258\" srcset=\"https:\/\/i0.wp.com\/www.infoassist-net.it\/wp-content\/uploads\/2016\/05\/cryptolocker.jpg?resize=300%2C169&amp;ssl=1 300w, https:\/\/i0.wp.com\/www.infoassist-net.it\/wp-content\/uploads\/2016\/05\/cryptolocker.jpg?resize=768%2C431&amp;ssl=1 768w, https:\/\/i0.wp.com\/www.infoassist-net.it\/wp-content\/uploads\/2016\/05\/cryptolocker.jpg?resize=1024%2C575&amp;ssl=1 1024w, https:\/\/i0.wp.com\/www.infoassist-net.it\/wp-content\/uploads\/2016\/05\/cryptolocker.jpg?w=1321&amp;ssl=1 1321w\" sizes=\"(max-width: 458px) 100vw, 458px\" data-recalc-dims=\"1\" \/><\/p>\n<p>&nbsp;<\/p>\n<p>Il famoso virus cryptlocker da pi\u00f9 di un anno sta terrorizzando i computer di tutto il mondo.<\/p>\n<p>Questo virus si diffonde attraverso la posta elettronica sotto forma di email piuttosto credibili sia per il mittente che per l&#8217;oggetto e l&#8217;allegato in essa contenuti.<\/p>\n<p>Questo virus che non viene intercettato dagli attuali software antivirus si installa nel vostro pc e comincia una velocissima opera di codifica dei file pi\u00f9 comuni , \u00a0JPG (foto) , DOC e DOCX (documenti Word), XLS e XLSX (documenti Excel) , PDF ( documenti pdf Adobe) , DLL (librerie dinamiche) ecc ecc &#8230;<\/p>\n<p>I file vengono criptati con un algoritmo sconosciuto impossibile da decifrare per cui sono irrecuperabili a meno che non venga pagato un riscatto agli autori del virus.<\/p>\n<p>Il virus rilascia un file di testo in cui vi sono tutte le istruzioni per mettersi in contatto (non diretto) con i &#8220;rapitori&#8221; dei vostri dati tramite canali protetti (attraverso un tor browser di solito) \u00a0ai quali dovrete comunicare il codice univoco che identifica il vostro computer e dovrete pagare il riscatto che ammonta a qualche centinaia di euro , \u00a0a pagamento avvenuto verr\u00e0 rilasciato un tool che permetter\u00e0 di decriptare i file e rientrare in possesso dei vostri dati.<\/p>\n<p>Tutto questo \u00e8 terribile ed estremamente pericoloso , immaginate di perdere tutto in un colpo solo senza avere possibilit\u00e0 di recupero e senza avere un backup di salvataggio su altri supporti \u00a0come succede a circa il 99% delle persone che non fanno un utilizzo professionale del computer.<\/p>\n<p>&nbsp;<\/p>\n<p><em><strong>Nel caso foste stati colpiti dal cryptolocker non esitate a contattarci , provvederemo subito a ripulire il vostro computer e a studiare la possibilit\u00e0 di recuperare in qualche modo i vostri dati.<\/strong><\/em><\/p>\n<p>&nbsp;<\/p>\n<p>&nbsp;<\/p>\n","protected":false},"excerpt":{"rendered":"<p>In questa pagina del nostro sito vogliamo illustrarvi le novit\u00e0 riguardo le ultime minacce informatiche che circolano in rete o attraverso canali quali posta elettronica o social network o installazione di programmi indesiderati. &nbsp; CRYPTOLOCKER &nbsp; Il famoso virus cryptlocker da pi\u00f9 di un anno sta terrorizzando i computer di tutto il mondo. Questo virus&hellip;<\/p>\n","protected":false},"author":1,"featured_media":445,"parent":0,"menu_order":5,"comment_status":"closed","ping_status":"closed","template":"","meta":{"_mi_skip_tracking":false,"spay_email":""},"yoast_head":"<!-- This site is optimized with the Yoast SEO plugin v19.0 - https:\/\/yoast.com\/wordpress\/plugins\/seo\/ -->\r\n<title>Info Assist Servizi Informatici NEWS<\/title>\r\n<meta name=\"description\" content=\"INFO ASSIST Servizi Informatici di Giorgio Giorgi news\" \/>\r\n<meta name=\"robots\" content=\"index, follow, max-snippet:-1, max-image-preview:large, max-video-preview:-1\" \/>\r\n<link rel=\"canonical\" href=\"http:\/\/www.infoassist-net.it\/index.php\/news\/\" \/>\r\n<meta property=\"og:locale\" content=\"it_IT\" \/>\r\n<meta property=\"og:type\" content=\"article\" \/>\r\n<meta property=\"og:title\" content=\"Info Assist Servizi Informatici NEWS\" \/>\r\n<meta property=\"og:description\" content=\"INFO ASSIST Servizi Informatici di Giorgio Giorgi news\" \/>\r\n<meta property=\"og:url\" content=\"http:\/\/www.infoassist-net.it\/index.php\/news\/\" \/>\r\n<meta property=\"og:site_name\" content=\"INFO ASSIST\" \/>\r\n<meta property=\"article:publisher\" content=\"https:\/\/www.facebook.com\/info.assistgiogio\/\" \/>\r\n<meta property=\"article:modified_time\" content=\"2018-02-23T21:02:54+00:00\" \/>\r\n<meta property=\"og:image\" content=\"https:\/\/i0.wp.com\/www.infoassist-net.it\/wp-content\/uploads\/2018\/02\/Sicurezza-Startup-news-1.jpg?fit=799%2C214\" \/>\r\n\t<meta property=\"og:image:width\" content=\"799\" \/>\r\n\t<meta property=\"og:image:height\" content=\"214\" \/>\r\n\t<meta property=\"og:image:type\" content=\"image\/jpeg\" \/>\r\n<meta name=\"twitter:card\" content=\"summary\" \/>\r\n<meta name=\"twitter:site\" content=\"@info40655969\" \/>\r\n<meta name=\"twitter:label1\" content=\"Tempo di lettura stimato\" \/>\n\t<meta name=\"twitter:data1\" content=\"2 minuti\" \/>\r\n<script type=\"application\/ld+json\" class=\"yoast-schema-graph\">{\"@context\":\"https:\/\/schema.org\",\"@graph\":[{\"@type\":\"Organization\",\"@id\":\"https:\/\/www.infoassist-net.it\/#organization\",\"name\":\"Info Assist Servizi Informatici\",\"url\":\"https:\/\/www.infoassist-net.it\/\",\"sameAs\":[\"https:\/\/www.instagram.com\/infoassistnet\/\",\"https:\/\/www.youtube.com\/channel\/UCK1DTwK1mD2nTO9RSCc9oOA\",\"https:\/\/www.facebook.com\/info.assistgiogio\/\",\"https:\/\/twitter.com\/info40655969\"],\"logo\":{\"@type\":\"ImageObject\",\"inLanguage\":\"it-IT\",\"@id\":\"https:\/\/www.infoassist-net.it\/#\/schema\/logo\/image\/\",\"url\":\"https:\/\/i0.wp.com\/www.infoassist-net.it\/wp-content\/uploads\/2017\/03\/LOGOwindows.jpg?fit=449%2C449&ssl=1\",\"contentUrl\":\"https:\/\/i0.wp.com\/www.infoassist-net.it\/wp-content\/uploads\/2017\/03\/LOGOwindows.jpg?fit=449%2C449&ssl=1\",\"width\":449,\"height\":449,\"caption\":\"Info Assist Servizi Informatici\"},\"image\":{\"@id\":\"https:\/\/www.infoassist-net.it\/#\/schema\/logo\/image\/\"}},{\"@type\":\"WebSite\",\"@id\":\"https:\/\/www.infoassist-net.it\/#website\",\"url\":\"https:\/\/www.infoassist-net.it\/\",\"name\":\"INFO ASSIST Servizi Informatici\",\"description\":\"Servizi Informatici\",\"publisher\":{\"@id\":\"https:\/\/www.infoassist-net.it\/#organization\"},\"potentialAction\":[{\"@type\":\"SearchAction\",\"target\":{\"@type\":\"EntryPoint\",\"urlTemplate\":\"https:\/\/www.infoassist-net.it\/?s={search_term_string}\"},\"query-input\":\"required name=search_term_string\"}],\"inLanguage\":\"it-IT\"},{\"@type\":\"ImageObject\",\"inLanguage\":\"it-IT\",\"@id\":\"http:\/\/www.infoassist-net.it\/index.php\/news\/#primaryimage\",\"url\":\"https:\/\/i0.wp.com\/www.infoassist-net.it\/wp-content\/uploads\/2018\/02\/Sicurezza-Startup-news-1.jpg?fit=799%2C214&ssl=1\",\"contentUrl\":\"https:\/\/i0.wp.com\/www.infoassist-net.it\/wp-content\/uploads\/2018\/02\/Sicurezza-Startup-news-1.jpg?fit=799%2C214&ssl=1\",\"width\":799,\"height\":214},{\"@type\":\"WebPage\",\"@id\":\"http:\/\/www.infoassist-net.it\/index.php\/news\/#webpage\",\"url\":\"http:\/\/www.infoassist-net.it\/index.php\/news\/\",\"name\":\"Info Assist Servizi Informatici NEWS\",\"isPartOf\":{\"@id\":\"https:\/\/www.infoassist-net.it\/#website\"},\"primaryImageOfPage\":{\"@id\":\"http:\/\/www.infoassist-net.it\/index.php\/news\/#primaryimage\"},\"datePublished\":\"2016-05-26T12:40:41+00:00\",\"dateModified\":\"2018-02-23T21:02:54+00:00\",\"description\":\"INFO ASSIST Servizi Informatici di Giorgio Giorgi news\",\"breadcrumb\":{\"@id\":\"http:\/\/www.infoassist-net.it\/index.php\/news\/#breadcrumb\"},\"inLanguage\":\"it-IT\",\"potentialAction\":[{\"@type\":\"ReadAction\",\"target\":[\"http:\/\/www.infoassist-net.it\/index.php\/news\/\"]}]},{\"@type\":\"BreadcrumbList\",\"@id\":\"http:\/\/www.infoassist-net.it\/index.php\/news\/#breadcrumb\",\"itemListElement\":[{\"@type\":\"ListItem\",\"position\":1,\"name\":\"Home\",\"item\":\"https:\/\/www.infoassist-net.it\/\"},{\"@type\":\"ListItem\",\"position\":2,\"name\":\"NEWS\"}]}]}<\/script>\r\n<!-- \/ Yoast SEO plugin. -->","yoast_head_json":{"title":"Info Assist Servizi Informatici NEWS","description":"INFO ASSIST Servizi Informatici di Giorgio Giorgi news","robots":{"index":"index","follow":"follow","max-snippet":"max-snippet:-1","max-image-preview":"max-image-preview:large","max-video-preview":"max-video-preview:-1"},"canonical":"http:\/\/www.infoassist-net.it\/index.php\/news\/","og_locale":"it_IT","og_type":"article","og_title":"Info Assist Servizi Informatici NEWS","og_description":"INFO ASSIST Servizi Informatici di Giorgio Giorgi news","og_url":"http:\/\/www.infoassist-net.it\/index.php\/news\/","og_site_name":"INFO ASSIST","article_publisher":"https:\/\/www.facebook.com\/info.assistgiogio\/","article_modified_time":"2018-02-23T21:02:54+00:00","og_image":[{"width":799,"height":214,"url":"https:\/\/i0.wp.com\/www.infoassist-net.it\/wp-content\/uploads\/2018\/02\/Sicurezza-Startup-news-1.jpg?fit=799%2C214","type":"image\/jpeg"}],"twitter_card":"summary","twitter_site":"@info40655969","twitter_misc":{"Tempo di lettura stimato":"2 minuti"},"schema":{"@context":"https:\/\/schema.org","@graph":[{"@type":"Organization","@id":"https:\/\/www.infoassist-net.it\/#organization","name":"Info Assist Servizi Informatici","url":"https:\/\/www.infoassist-net.it\/","sameAs":["https:\/\/www.instagram.com\/infoassistnet\/","https:\/\/www.youtube.com\/channel\/UCK1DTwK1mD2nTO9RSCc9oOA","https:\/\/www.facebook.com\/info.assistgiogio\/","https:\/\/twitter.com\/info40655969"],"logo":{"@type":"ImageObject","inLanguage":"it-IT","@id":"https:\/\/www.infoassist-net.it\/#\/schema\/logo\/image\/","url":"https:\/\/i0.wp.com\/www.infoassist-net.it\/wp-content\/uploads\/2017\/03\/LOGOwindows.jpg?fit=449%2C449&ssl=1","contentUrl":"https:\/\/i0.wp.com\/www.infoassist-net.it\/wp-content\/uploads\/2017\/03\/LOGOwindows.jpg?fit=449%2C449&ssl=1","width":449,"height":449,"caption":"Info Assist Servizi Informatici"},"image":{"@id":"https:\/\/www.infoassist-net.it\/#\/schema\/logo\/image\/"}},{"@type":"WebSite","@id":"https:\/\/www.infoassist-net.it\/#website","url":"https:\/\/www.infoassist-net.it\/","name":"INFO ASSIST Servizi Informatici","description":"Servizi Informatici","publisher":{"@id":"https:\/\/www.infoassist-net.it\/#organization"},"potentialAction":[{"@type":"SearchAction","target":{"@type":"EntryPoint","urlTemplate":"https:\/\/www.infoassist-net.it\/?s={search_term_string}"},"query-input":"required name=search_term_string"}],"inLanguage":"it-IT"},{"@type":"ImageObject","inLanguage":"it-IT","@id":"http:\/\/www.infoassist-net.it\/index.php\/news\/#primaryimage","url":"https:\/\/i0.wp.com\/www.infoassist-net.it\/wp-content\/uploads\/2018\/02\/Sicurezza-Startup-news-1.jpg?fit=799%2C214&ssl=1","contentUrl":"https:\/\/i0.wp.com\/www.infoassist-net.it\/wp-content\/uploads\/2018\/02\/Sicurezza-Startup-news-1.jpg?fit=799%2C214&ssl=1","width":799,"height":214},{"@type":"WebPage","@id":"http:\/\/www.infoassist-net.it\/index.php\/news\/#webpage","url":"http:\/\/www.infoassist-net.it\/index.php\/news\/","name":"Info Assist Servizi Informatici NEWS","isPartOf":{"@id":"https:\/\/www.infoassist-net.it\/#website"},"primaryImageOfPage":{"@id":"http:\/\/www.infoassist-net.it\/index.php\/news\/#primaryimage"},"datePublished":"2016-05-26T12:40:41+00:00","dateModified":"2018-02-23T21:02:54+00:00","description":"INFO ASSIST Servizi Informatici di Giorgio Giorgi news","breadcrumb":{"@id":"http:\/\/www.infoassist-net.it\/index.php\/news\/#breadcrumb"},"inLanguage":"it-IT","potentialAction":[{"@type":"ReadAction","target":["http:\/\/www.infoassist-net.it\/index.php\/news\/"]}]},{"@type":"BreadcrumbList","@id":"http:\/\/www.infoassist-net.it\/index.php\/news\/#breadcrumb","itemListElement":[{"@type":"ListItem","position":1,"name":"Home","item":"https:\/\/www.infoassist-net.it\/"},{"@type":"ListItem","position":2,"name":"NEWS"}]}]}},"jetpack_sharing_enabled":true,"jetpack_shortlink":"https:\/\/wp.me\/P7yCc4-5E","jetpack-related-posts":[{"id":182,"url":"https:\/\/www.infoassist-net.it\/index.php\/inostriconsigli\/","url_meta":{"origin":350,"position":0},"title":"I NOSTRI CONSIGLI","date":"16\/05\/2016","format":false,"excerpt":"In questa area vogliamo dare alcuni consigli sui software indispensabili per un corretto start-up di un pc e per la manutenzione del vostro computer o per la risoluzione delle problematiche pi\u00f9 comuni. I software proposti qui di seguito sono tutti software gratuiti ma allo stesso tempo completi di tutto il\u2026","rel":"","context":"Articolo simile","img":{"alt_text":"","src":"https:\/\/i0.wp.com\/www.infoassist-net.it\/wp-content\/uploads\/2018\/02\/Tech-2x1-452390287.jpg?fit=1200%2C364&ssl=1&resize=350%2C200","width":350,"height":200},"classes":[]},{"id":89,"url":"https:\/\/www.infoassist-net.it\/index.php\/contatti-2\/","url_meta":{"origin":350,"position":1},"title":"CONTATTI","date":"10\/04\/2016","format":false,"excerpt":"Sede Operativa e Sede Legale INFO ASSIST di Giorgio Giorgi Via Salita San Francesco, 4 06055 - Marsciano -\u00a0(PG) Cellulare: 331.2600436 \u00a0 Recapito Email info@infoassist-net.it \u00a0 Recapito Email PEC (Posta Elettronica Certificata) g.giorgi@pec.infoassist-net.it \u00a0 Partita IVA e Codice Fiscale 03499960544 Non esitate a contattarci per sottoporre alla nostra attenzione tutti\u2026","rel":"","context":"Articolo simile","img":{"alt_text":"","src":"https:\/\/i0.wp.com\/www.infoassist-net.it\/wp-content\/uploads\/2018\/02\/banner-contatti.jpg?fit=1200%2C347&ssl=1&resize=350%2C200","width":350,"height":200},"classes":[]},{"id":83,"url":"https:\/\/www.infoassist-net.it\/index.php\/servizi\/","url_meta":{"origin":350,"position":2},"title":"SERVIZI","date":"10\/04\/2016","format":false,"excerpt":"INFO ASSIST FORNISCE I SUOI SERVIZI NELLE\u00a0SEGUENTI AREE: \u00a0 ASSISTENZA HARDWARE E ASSISTENZA SOFTWARE LOCALE\/REMOTA SU PC: \u00a0 Info assist si occupa di risolvere qualsiasi problema hardware su pc , pc assemblati , notebook , smartphone e molto altro . Nelle foto si possono vedere i nostri interventi su pc\u2026","rel":"","context":"Articolo simile","img":{"alt_text":"","src":"https:\/\/i0.wp.com\/www.infoassist-net.it\/wp-content\/uploads\/2018\/02\/imgScorr2.jpg?fit=1200%2C280&ssl=1&resize=350%2C200","width":350,"height":200},"classes":[]},{"id":2,"url":"https:\/\/www.infoassist-net.it\/","url_meta":{"origin":350,"position":3},"title":"HOME","date":"27\/03\/2016","format":false,"excerpt":"Info Assist \u00e8 una societ\u00e0 unipersonale nata nel gennaio del 2016 a Marsciano (PG) che vuole farsi strada nel complesso mondo dei Servizi Informatici. Ci piace sottolineare l'aggettivo \"complesso\" perch\u00e9 il nostro \u00e8 un settore estremamente competitivo in cui operano numerose societ\u00e0 qualificate e di grandi dimensioni o di tradizione\u2026","rel":"","context":"Articolo simile","img":{"alt_text":"","src":"https:\/\/i0.wp.com\/www.infoassist-net.it\/wp-content\/uploads\/2018\/02\/scorr1.jpg?fit=1200%2C280&ssl=1&resize=350%2C200","width":350,"height":200},"classes":[]},{"id":157,"url":"https:\/\/www.infoassist-net.it\/index.php\/assistenza\/","url_meta":{"origin":350,"position":4},"title":"RICHIEDI ASSISTENZA","date":"16\/05\/2016","format":false,"excerpt":"COMPILA IL MODULO DI RICHIESTA DI ASSISTENZA \u00a0 In questa sezione potete inviare una richiesta di assistenza al nostro centro di supporto e potete scaricare il software per la nostra assistenza da remoto sul vostro pc o mac , vi baster\u00e0 scaricare e installare sulla vostra macchina il nostro software\u2026","rel":"","context":"Articolo simile","img":{"alt_text":"","src":"https:\/\/i0.wp.com\/www.infoassist-net.it\/wp-content\/uploads\/2018\/02\/computer-repair-1030x438-1080x280.jpg?fit=1030%2C280&ssl=1&resize=350%2C200","width":350,"height":200},"classes":[]},{"id":77,"url":"https:\/\/www.infoassist-net.it\/index.php\/chi-siamo\/","url_meta":{"origin":350,"position":5},"title":"CHI SIAMO","date":"10\/04\/2016","format":false,"excerpt":"\u00a0 Info Assist nasce da un' idea del titolare Giorgio Giorgi dopo l'esperienza maturata come addetto c.e.d. di una importante azienda italiana leader nazionale del settore cartotecnico. Giorgio Giorgi ha accumulato una vasta esperienza in molti campi dell'informatica lavorando per 16 anni come programmatore, amministratore di sistema e tuttofare per\u00a0la\u2026","rel":"","context":"Articolo simile","img":{"alt_text":"","src":"https:\/\/i0.wp.com\/www.infoassist-net.it\/wp-content\/uploads\/2018\/02\/consulenza.jpg?fit=1024%2C300&ssl=1&resize=350%2C200","width":350,"height":200},"classes":[]}],"_links":{"self":[{"href":"https:\/\/www.infoassist-net.it\/index.php\/wp-json\/wp\/v2\/pages\/350"}],"collection":[{"href":"https:\/\/www.infoassist-net.it\/index.php\/wp-json\/wp\/v2\/pages"}],"about":[{"href":"https:\/\/www.infoassist-net.it\/index.php\/wp-json\/wp\/v2\/types\/page"}],"author":[{"embeddable":true,"href":"https:\/\/www.infoassist-net.it\/index.php\/wp-json\/wp\/v2\/users\/1"}],"replies":[{"embeddable":true,"href":"https:\/\/www.infoassist-net.it\/index.php\/wp-json\/wp\/v2\/comments?post=350"}],"version-history":[{"count":8,"href":"https:\/\/www.infoassist-net.it\/index.php\/wp-json\/wp\/v2\/pages\/350\/revisions"}],"predecessor-version":[{"id":355,"href":"https:\/\/www.infoassist-net.it\/index.php\/wp-json\/wp\/v2\/pages\/350\/revisions\/355"}],"wp:featuredmedia":[{"embeddable":true,"href":"https:\/\/www.infoassist-net.it\/index.php\/wp-json\/wp\/v2\/media\/445"}],"wp:attachment":[{"href":"https:\/\/www.infoassist-net.it\/index.php\/wp-json\/wp\/v2\/media?parent=350"}],"curies":[{"name":"wp","href":"https:\/\/api.w.org\/{rel}","templated":true}]}}